{"id":8,"date":"2024-02-06T22:31:44","date_gmt":"2024-02-06T21:31:44","guid":{"rendered":"http:\/\/iihaa.usac.edu.gt\/?page_id=8"},"modified":"2026-02-25T23:18:00","modified_gmt":"2026-02-25T22:18:00","slug":"inicio","status":"publish","type":"page","link":"https:\/\/iihaa.usac.edu.gt\/","title":{"rendered":"Inicio"},"content":{"rendered":"\n<div class=\"wp-block-columns alignfull has-white-color has-text-color has-background has-link-color wp-elements-a124a4f659b76154af499568cb56669d is-layout-flex wp-container-core-columns-is-layout-9d6595d7 wp-block-columns-is-layout-flex\" style=\"background:linear-gradient(135deg,rgb(57,169,53) 0%,rgb(31,137,27) 100%)\">\n<div class=\"wp-block-column is-layout-flow wp-block-column-is-layout-flow\" style=\"flex-basis:200px\"><\/div>\n\n\n\n<div class=\"wp-block-column is-layout-flow wp-block-column-is-layout-flow\">\n<h2 class=\"wp-block-heading has-text-align-center has-white-color has-text-color has-link-color wp-elements-6bdf7ef7679b12c7b5a697da1914ce23\"><strong>Instituto de Investigaciones Hist\u00f3ricas, Antropol\u00f3gicas y Arqueol\u00f3gicas <br>-IIHAA-<\/strong><\/h2>\n\n\n\n<p class=\"has-text-align-center has-white-color has-text-color has-link-color wp-elements-0492d590bae71c5df8a4c992120629e0\">Es la unidad de la Escuela de Historia que gestiona y ejecuta la investigaci\u00f3n en las tres \u00e1reas disciplinares que comprende la misma. Fue creado por decreto del Consejo Superior Universitario. Con una trayectoria de m\u00e1s de 50 a\u00f1os de investigaci\u00f3n en ciencias sociales y casi una veintena de investigadores tiene una gran producci\u00f3n que se traduce en libros, art\u00edculos cient\u00edficos, seminarios, talleres y sobre todo, en la prestaci\u00f3n de servicios a la comunidad guatemalteca en sus diferentes \u00e1reas.<\/p>\n<\/div>\n\n\n\n<div class=\"wp-block-column is-layout-flow wp-block-column-is-layout-flow\" style=\"flex-basis:200px\"><\/div>\n<\/div>\n\n\n\n<h1 class=\"wp-block-heading has-text-align-center\">Convocatorias y Anuncios<\/h1>\n\n\n<div class=\"wp-block-image\">\n<figure class=\"aligncenter size-large is-resized\"><img loading=\"lazy\" decoding=\"async\" width=\"1024\" height=\"576\" src=\"https:\/\/iihaa.usac.edu.gt\/wp-content\/uploads\/2026\/02\/Tertulia-25022026-1-1024x576.jpg\" alt=\"\" class=\"wp-image-347\" style=\"aspect-ratio:1.777757793764988;width:658px;height:auto\" srcset=\"https:\/\/iihaa.usac.edu.gt\/wp-content\/uploads\/2026\/02\/Tertulia-25022026-1-1024x576.jpg 1024w, https:\/\/iihaa.usac.edu.gt\/wp-content\/uploads\/2026\/02\/Tertulia-25022026-1-300x169.jpg 300w, https:\/\/iihaa.usac.edu.gt\/wp-content\/uploads\/2026\/02\/Tertulia-25022026-1-768x432.jpg 768w, https:\/\/iihaa.usac.edu.gt\/wp-content\/uploads\/2026\/02\/Tertulia-25022026-1-1536x864.jpg 1536w, https:\/\/iihaa.usac.edu.gt\/wp-content\/uploads\/2026\/02\/Tertulia-25022026-1-1110x624.jpg 1110w, https:\/\/iihaa.usac.edu.gt\/wp-content\/uploads\/2026\/02\/Tertulia-25022026-1-528x297.jpg 528w, https:\/\/iihaa.usac.edu.gt\/wp-content\/uploads\/2026\/02\/Tertulia-25022026-1.jpg 1920w\" sizes=\"auto, (max-width: 1024px) 100vw, 1024px\" \/><\/figure>\n<\/div>\n\n\n<p class=\"has-text-align-center\"><strong>Tertulias Academicas IIHAA<\/strong>    <a href=\"https:\/\/www.facebook.com\/iihaa.usac\/videos\/1349805316915110\"><strong>25\/02\/2026<\/strong><\/a><\/p>\n\n\n<div class=\"wp-block-image\">\n<figure class=\"aligncenter size-large is-resized\"><img loading=\"lazy\" decoding=\"async\" width=\"1024\" height=\"858\" src=\"http:\/\/iihaa.usac.edu.gt\/wp-content\/uploads\/2026\/02\/Tertulia-180226-1-1024x858.jpg\" alt=\"\" class=\"wp-image-334\" style=\"aspect-ratio:1.1934717862030106;width:532px;height:auto\" srcset=\"https:\/\/iihaa.usac.edu.gt\/wp-content\/uploads\/2026\/02\/Tertulia-180226-1-1024x858.jpg 1024w, https:\/\/iihaa.usac.edu.gt\/wp-content\/uploads\/2026\/02\/Tertulia-180226-1-300x252.jpg 300w, https:\/\/iihaa.usac.edu.gt\/wp-content\/uploads\/2026\/02\/Tertulia-180226-1-768x644.jpg 768w, https:\/\/iihaa.usac.edu.gt\/wp-content\/uploads\/2026\/02\/Tertulia-180226-1.jpg 1528w\" sizes=\"auto, (max-width: 1024px) 100vw, 1024px\" \/><\/figure>\n<\/div>\n\n\n<p class=\"has-text-align-center\"><strong>Tertulias Acad\u00e9micas IIHAA<\/strong>    <a href=\"https:\/\/www.facebook.com\/iihaa.usac\/videos\/1349805316915110\" target=\"_blank\" rel=\"noreferrer noopener\"><strong>18\/02\/2026<\/strong><\/a><\/p>\n\n\n<div class=\"wp-block-image\">\n<figure class=\"aligncenter size-full is-resized\"><img loading=\"lazy\" decoding=\"async\" width=\"1080\" height=\"900\" src=\"https:\/\/iihaa.usac.edu.gt\/wp-content\/uploads\/2026\/02\/Tertulia-050226.jpg\" alt=\"\" class=\"wp-image-314\" style=\"aspect-ratio:1.1929079578668726;width:532px;height:auto\" srcset=\"https:\/\/iihaa.usac.edu.gt\/wp-content\/uploads\/2026\/02\/Tertulia-050226.jpg 1080w, https:\/\/iihaa.usac.edu.gt\/wp-content\/uploads\/2026\/02\/Tertulia-050226-300x250.jpg 300w, https:\/\/iihaa.usac.edu.gt\/wp-content\/uploads\/2026\/02\/Tertulia-050226-1024x853.jpg 1024w, https:\/\/iihaa.usac.edu.gt\/wp-content\/uploads\/2026\/02\/Tertulia-050226-768x640.jpg 768w\" sizes=\"auto, (max-width: 1080px) 100vw, 1080px\" \/><\/figure>\n<\/div>\n\n\n<p class=\"has-text-align-center\"><strong>Tertulias Acad\u00e9micas IIHAA<\/strong>    <a href=\"https:\/\/www.facebook.com\/iihaa.usac\/videos\/3279839445518872\" data-type=\"link\" data-id=\"https:\/\/www.facebook.com\/photo?fbid=1041031611362171&amp;set=a.439759591489379\" target=\"_blank\" rel=\"noreferrer noopener\"><strong>05\/02\/2026<\/strong><\/a><\/p>\n\n\n\n<div class=\"wp-block-columns are-vertically-aligned-center is-layout-flex wp-container-core-columns-is-layout-9d6595d7 wp-block-columns-is-layout-flex\">\n<div class=\"wp-block-column is-vertically-aligned-center is-layout-flow wp-block-column-is-layout-flow\" style=\"flex-basis:100%\">\n<div class=\"wp-block-group is-vertical is-layout-flex wp-container-core-group-is-layout-8cf370e7 wp-block-group-is-layout-flex\">\n<div class=\"wp-block-columns is-layout-flex wp-container-core-columns-is-layout-9d6595d7 wp-block-columns-is-layout-flex\">\n<div class=\"wp-block-column is-layout-flow wp-block-column-is-layout-flow\"><div class=\"wp-block-image\">\n<figure class=\"aligncenter size-full is-resized\"><img loading=\"lazy\" decoding=\"async\" width=\"600\" height=\"503\" src=\"https:\/\/iihaa.usac.edu.gt\/wp-content\/uploads\/2026\/01\/Tertulias-Academicas-2026.jpg\" alt=\"\" class=\"wp-image-280\" style=\"aspect-ratio:1.1929079578668726;width:534px;height:auto\" srcset=\"https:\/\/iihaa.usac.edu.gt\/wp-content\/uploads\/2026\/01\/Tertulias-Academicas-2026.jpg 600w, https:\/\/iihaa.usac.edu.gt\/wp-content\/uploads\/2026\/01\/Tertulias-Academicas-2026-300x252.jpg 300w\" sizes=\"auto, (max-width: 600px) 100vw, 600px\" \/><\/figure>\n<\/div>\n\n\n<p class=\"has-text-align-center\"><strong>Tertulias Acad\u00e9micas IIHAA<\/strong>    <a href=\"https:\/\/www.facebook.com\/photo\/?fbid=1506554418143219&amp;set=gm.1251042790202265&amp;idorvanity=1250992896873921\" data-type=\"link\" data-id=\"https:\/\/www.facebook.com\/photo?fbid=1041031611362171&amp;set=a.439759591489379\" target=\"_blank\" rel=\"noreferrer noopener\"><strong>28\/01\/2026<\/strong><\/a><\/p>\n<\/div>\n<\/div>\n<\/div>\n<\/div>\n<\/div>\n\n\n\n<p><\/p>\n","protected":false},"excerpt":{"rendered":"<p>Instituto de Investigaciones Hist\u00f3ricas, Antropol\u00f3gicas y Arqueol\u00f3gicas -IIHAA- Es la unidad de la Escuela de Historia que gestiona y ejecuta la investigaci\u00f3n en las tres \u00e1reas disciplinares que comprende la misma. Fue creado por decreto del Consejo Superior Universitario. Con una trayectoria de m\u00e1s de 50 a\u00f1os de investigaci\u00f3n en ciencias sociales y casi una [&hellip;]<\/p>\n","protected":false},"author":1,"featured_media":0,"parent":0,"menu_order":0,"comment_status":"closed","ping_status":"closed","template":"","meta":{"footnotes":""},"class_list":["post-8","page","type-page","status-publish","czr-hentry"],"_links":{"self":[{"href":"https:\/\/iihaa.usac.edu.gt\/index.php?rest_route=\/wp\/v2\/pages\/8","targetHints":{"allow":["GET"]}}],"collection":[{"href":"https:\/\/iihaa.usac.edu.gt\/index.php?rest_route=\/wp\/v2\/pages"}],"about":[{"href":"https:\/\/iihaa.usac.edu.gt\/index.php?rest_route=\/wp\/v2\/types\/page"}],"author":[{"embeddable":true,"href":"https:\/\/iihaa.usac.edu.gt\/index.php?rest_route=\/wp\/v2\/users\/1"}],"replies":[{"embeddable":true,"href":"https:\/\/iihaa.usac.edu.gt\/index.php?rest_route=%2Fwp%2Fv2%2Fcomments&post=8"}],"version-history":[{"count":34,"href":"https:\/\/iihaa.usac.edu.gt\/index.php?rest_route=\/wp\/v2\/pages\/8\/revisions"}],"predecessor-version":[{"id":355,"href":"https:\/\/iihaa.usac.edu.gt\/index.php?rest_route=\/wp\/v2\/pages\/8\/revisions\/355"}],"wp:attachment":[{"href":"https:\/\/iihaa.usac.edu.gt\/index.php?rest_route=%2Fwp%2Fv2%2Fmedia&parent=8"}],"curies":[{"name":"wp","href":"https:\/\/api.w.org\/{rel}","templated":true}]}}